-502022413
In base 16, what is 1c18 - -159?
1d71
In base 16, what is 1a96d7 + -1e?
1a96b9
In base 10, what is 7158 + -6568?
590
In base 2, what is -1101111001100111111 + -1011110?
-1101111001110011101
In base 14, what is 165 - -227dd4?
228159
In base 15, what is 0 + -147b941d?
-147b941d
In base 5, what is -3 + -2333200104?
-2333200112
In base 5, what is 111232 + -14001?
42231
In base 2, what is -1111100000011001010000 + -10010?
-1111100000011001100010
In base 13, what is -133 - 1b12c6?
-1b1429
In base 7, what is 10541016 + 65?
10541114
In base 5, what is -10103311 - -1311?
-10102000
In base 13, what is 224b + 9c2?
2c40
In base 12, what is 2 + -ab0801?
-ab07bb
In base 16, what is 2 - -4a4cf8?
4a4cfa
In base 13, what is 234601 - 10?
2345c1
In base 6, what is 1513 + -254215?
-252302
In base 11, what is 61a443 + -52?
61a3a1
In base 9, what is 5848 - -554?
6513
In base 4, what is -302300322122 - -11?
-302300322111
In base 8, what is -626 + -171015?
-171643
In base 6, what is 1315 + 11010532?
11012251
In base 8, what is 137326 + 16?
137344
In base 8, what is -1747633 - 333?
-1750166
In base 4, what is 2121331123 + -310?
2121330213
In base 8, what is 250125 + -35?
250070
In base 16, what is -159e + -401b?
-55b9
In base 9, what is -113600 + -224?
-113824
In base 3, what is 20110221 + -21022?
20012122
In base 5, what is -1241002241211 - 4?
-1241002241220
In base 5, what is -2103 - -132204041?
132201433
In base 7, what is -16 + 122206142?
122206123
In base 16, what is 4c778 - 16?
4c762
In base 5, what is 43100 + 12344103?
12442203
In base 4, what is 113220132 - -1010?
113221202
In base 5, what is 4232 + -1124030?
-1114243
In base 4, what is 331111112 + 11?
331111123
In base 15, what is -23d + 2b80?
2942
In base 2, what is 1001 - -10000110001110101100101?
10000110001110101101110
In base 2, what is 1010011011010111100 - 1111?
1010011011010101101
In base 9, what is 5 + -13801?
-13785
In base 12, what is -8759b + 22?
-87579
In base 7, what is 1550 + 145135?
150015
In base 12, what is 12379b77 + 5?
12379b80
In base 9, what is -1265825 - 10?
-1265835
In base 10, what is -47 + -1239551?
-1239598
In base 16, what is 15ba23 - 4?
15ba1f
In base 15, what is -26cc2d1 - 3?
-26cc2d4
In base 16, what is -16b31d - 1a?
-16b337
In base 15, what is 2 - 50eea9?
-50eea7
In base 2, what is 101 - 10100101000100101010010110?
-10100101000100101010010001
In base 7, what is 2326063265 - 4?
2326063261
In base 10, what is 5 + 889958?
889963
In base 11, what is -56299 + 828?
-55571
In base 8, what is 5 + 30203763?
30203770
In base 12, what is 0 + 54a8678?
54a8678
In base 10, what is -37 + 22475?
22438
In base 4, what is -3 + 212020003021?
212020003012
In base 15, what is 5 - 77078e?
-770789
In base 12, what is -636 - 24a85?
-254bb
In base 2, what is -1111000110000 + 1111011000?
-1101001011000
In base 14, what is -76ba89 - 19?
-76baa4
In base 3, what is -2011121020 - 110102?
-2012001122
In base 3, what is 101112 + -100100012?
-22221200
In base 12, what is 3606 - 40?
3586
In base 5, what is -21012222 + 2341?
-21004331
In base 16, what is 13 - -132d6?
132e9
In base 12, what is 5121a5a - -3a?
5121a98
In base 16, what is -844a0 - 7?
-844a7
In base 13, what is c - -15927a4?
15927b3
In base 16, what is 19 - -f4a4f8?
f4a511
In base 3, what is -1002212102001 + 101002?
-1002212000222
In base 8, what is 145 + -42017?
-41652
In base 2, what is 1000110100111110101 - 1?
1000110100111110100
In base 15, what is 700ed2c - 0?
700ed2c
In base 12, what is 12282 - -849?
12b0b
In base 14, what is -8b33 + 54?
-8abd
In base 5, what is 4 + -132240241224?
-132240241220
In base 8, what is 13663 - 3141?
10522
In base 11, what is -33669a9 - -89?
-3366920
In base 2, what is 10000 - -10101000110110101011?
10101000110110111011
In base 16, what is 9a22 + -270e?
7314
In base 8, what is -204 - -1725064?
1724660
In base 5, what is 23140114 - -101?
23140220
In base 7, what is 2124310 + 1442?
2126052
In base 11, what is -137a - -592?
-898
In base 5, what is 1103140310 + -2?
1103140303
In base 5, what is 41 + -212340130?
-212340034
In base 9, what is -1 - 22422684?
-22422685
In base 7, what is -10340043066 - 5?
-10340043104
In base 5, what is 1424101124023 + -2?
1424101124021
In base 2, what is 11011100 + -101100000000111101?
-101011111101100001
In base 8, what is 3 + 55025043?
55025046
In base 3, what is -22 + 1221201201110?
1221201201011
In base 16, what is -26 + e4653?
e462d
In base 9, what is 0 - 1584455?
-1584455
In base 11, what is 3 + 1105414?
1105417
In base 2, what is 1 - -1000111110100110010?
1000111110100110011
In base 9, what is -4 + -11822567?
-11822572
In base 14, what is -14 - 1b5ac7?
-1b5adb
In base 8, what is -576 - 16016?
-16614
In base 10, what is -93489 + 8079?
-85410
In base 9, what is 235858834 + 5?
235858840
In base 7, what is -406143042 - 0?
-406143042
In base 5, what is -2424 + 100010204?
100002230
In base 11, what is -38413233 + 1?
-38413232
In base 8, what is -2 - 10361066?
-10361070
In base 10, what is 15619327 + -1?
15619326
In base 8, what is 4077007 - -7?
4077016
In base 9, what is 17164 - 3130?
14034
In base 5, what is -1 + -234410022?
-234410023
In base 2, what is 101010101001011010011 - 1010110011?
101010101000000100000
In base 13, what is -237789 + 1a?
-23776c
In base 8, what is -353713 + -733?
-354646
In base 10, what is -5439 + -8423?
-13862
In base 16, what is -216 - -13f6?
11e0
In base 6, what is -5022 + 20310200?
20301134
In base 3, what is -1211210212201 + -10011?
-1211210222212
In base 7, what is -13 - -12302516?
12302503
In base 2, what is 1001011001110111000010110000 + 101?
1001011001110111000010110101
In base 12, what is 5 + -89a4a6?
-89a4a1
In base 12, what is 13 + -1a89a?
-1a887
In base 16, what is 3 + 5e2b22?
5e2b25
In base 15, what is -2 + 620cce7?
620cce5
In base 13, what is -34415 - -12?
-34403
In base 8, what is -232257 - -341?
-231716
In base 8, what is 13 + 5610303?
5610316
In base 4, what is -121323123 + -20102?
-122003231
In base 13, what is -5c90c1 - -c?
-5c90b2
In base 11, what is 4a296a3 + -5?
4a29699
In base 10, what is -1379 - 2391?
-3770
In base 9, what is -448 - -115421?
114862
In base 4, what is -30200100220330 + -1?
-30200100220331
In base 14, what is -d84041 - 19?
-d8405a
In base 3, what is -22212 - 2002021100?
-2002121012
In base 4, what is -12213 - 13303033?
-13321312
In base 9, what is 12764388 + 1?
12764400
In base 14, what is 156286dab - 1?
156286daa
In base 8, what is 2751167 - -344?
2751533
In base 3, what is -121102200000202 + 1?
-121102200000201
In base 5, what is -10 + 211341321?
211341311
In base 15, what is -5 - -5860ba2?
5860b9c
In base 10, what is -69957260 + 0?
-69957260
In base 5, what is -13224024 + -1413?
-13230442
In base 5, what is -3430 - 203102?
-212032
In base 14, what is -26956a - 4?
-269570
In base 9, what is -24436 + 4341?
-20085
In base 6, what is -2333050333 - 31?
-2333050404
In base 14, what is -2c1 - 188a?
-1b6b
In base 14, what is 14d40 + -474?
148aa
In base 6, what is -50 + -2443344130?
-2443344220
In base 9, what is -5 + -6864851?
-6864856
In base 7, what is 2160 - 3406615?
-3404425
In base 8, what is 1155 + -327604?
-326427
In base 5, what is 130 + -22422204?
-22422024
In base 11, what is -221497 - 2937?
-224323
In base 11, what is -4 + -397105?
-397109
In base 6, what is -5 - -2144553000?
2144552551
In base 12, what is -1426b + -503a?
-192a9
In base 13, what is 17a2831 + 5?
17a2836
In base 10, what is -229919 + 50?
-229869
In base 13, what is 3 + -2a855a?
-2a8557
In base 6, what is -20 + 5052330054?
5052330034
In base 5, what is 1204043421 - -22?
1204043443
In base 2, what is -111 - -100000111101111110011101110?
100000111101111110011100111
In base 10, what is 4 - -7615720?
7615724
In base 11, what is 3543 + 241a?
5962
In base 12, what is -44929584 + 1?
-44929583
In base 11, what is 2 - 545180?
-545179
In base 6, what is -153355042 - -35?
-153355003
In base 2, what is 1011110 + 1001011100011110010?
1001011100101010000
In base 4, what is 222 + -32012201312?
-32012201030
In base 5, what is -104300 - -114042?
4242
In base 15, what is 8d32 - c7?
8c5a
In base 12, what is 864 - 23788?
-22b24
In base 15, what is 47da + 65e?
4e49
In base 16, what is 2640f - -1cd?
265dc
In base 15, what is -c41 + 17b8?
a77
In base 5, what is 3